eds digit of 5627523?
5
What is the hundred thousands digit of 540395?
5
What is the hundred thousands digit of 599996?
5
What is the millions digit of 6257916?
6
What is the ten thousands digit of 387413?
8
What is the hundreds digit of 2503836?
8
What is the units digit of 9545817?
7
What is the thousands digit of 204369?
4
What is the units digit of 4053034?
4
What is the hundred thousands digit of 10825807?
8
What is the ten thousands digit of 1128533?
2
What is the tens digit of 278869?
6
What is the ten thousands digit of 4083379?
8
What is the ten thousands digit of 31607?
3
What is the units digit of 234884?
4
What is the ten thousands digit of 5169782?
6
What is the hundred thousands digit of 908026?
9
What is the thousands digit of 282427?
2
What is the ten millions digit of 10432738?
1
What is the hundred thousands digit of 357162?
3
What is the ten thousands digit of 2841651?
4
What is the hundred thousands digit of 167292?
1
What is the thousands digit of 5400765?
0
What is the hundred thousands digit of 2398093?
3
What is the hundred thousands digit of 272334?
2
What is the hundreds digit of 917376?
3
What is the hundreds digit of 433276?
2
What is the units digit of 2941760?
0
What is the hundreds digit of 44131525?
5
What is the units digit of 8361950?
0
What is the thousands digit of 6421335?
1
What is the units digit of 347634?
4
What is the hundred thousands digit of 166642?
1
What is the thousands digit of 142218?
2
What is the millions digit of 4070892?
4
What is the hundreds digit of 15447?
4
What is the tens digit of 688993?
9
What is the ten thousands digit of 5880904?
8
What is the tens digit of 616092?
9
What is the ten thousands digit of 4608776?
0
What is the thousands digit of 27210930?
0
What is the thousands digit of 3195885?
5
What is the tens digit of 109190?
9
What is the hundred thousands digit of 4545736?
5
What is the ten millions digit of 33620841?
3
What is the units digit of 189416?
6
What is the millions digit of 2509037?
2
What is the hundred thousands digit of 4447239?
4
What is the units digit of 2182747?
7
What is the hundred thousands digit of 28795583?
7
What is the ten thousands digit of 1333141?
3
What is the units digit of 21684467?
7
What is the units digit of 134921?
1
What is the hundreds digit of 494546?
5
What is the thousands digit of 296177?
6
What is the hundreds digit of 9460967?
9
What is the tens digit of 2362652?
5
What is the ten thousands digit of 1261520?
6
What is the hundreds digit of 7018324?
3
What is the hundred thousands digit of 132727?
1
What is the ten millions digit of 20434449?
2
What is the ten thousands digit of 165737?
6
What is the thousands digit of 12732?
2
What is the ten thousands digit of 376625?
7
What is the thousands digit of 270853?
0
What is the thousands digit of 7660988?
0
What is the hundred thousands digit of 258722?
2
What is the thousands digit of 328696?
8
What is the ten thousands digit of 612698?
1
What is the ten thousands digit of 21761?
2
What is the thousands digit of 948234?
8
What is the millions digit of 13065625?
3
What is the units digit of 5152?
2
What is the ten thousands digit of 30897?
3
What is the hundreds digit of 15693773?
7
What is the units digit of 490252?
2
What is the hundreds digit of 4996756?
7
What is the units digit of 93924?
4
What is the hundreds digit of 132020?
0
What is the ten thousands digit of 8493433?
9
What is the millions digit of 9326615?
9
What is the hundreds digit of 6932464?
4
What is the hundreds digit of 460648?
6
What is the ten thousands digit of 12060516?
6
What is the hundreds digit of 11636040?
0
What is the units digit of 797152?
2
What is the thousands digit of 396101?
6
What is the ten thousands digit of 1066006?
6
What is the millions digit of 10510042?
0
What is the hundreds digit of 378929?
9
What is the hundreds digit of 979490?
4
What is the hundred thousands digit of 15848654?
8
What is the thousands digit of 362734?
2
What is the hundred thousands digit of 8906599?
9
What is the thousands digit of 729558?
9
What is the hundreds digit of 916274?
2
What is the units digit of 1305233?
3
What is the ten thousands digit of 864035?
6
What is the units digit of 5916598?
8
What is the hundred thousands digit of 889380?
8
What is the tens digit of 21050?
5
What is the ten millions digit of 12943473?
1
What is the hundreds digit of 1419761?
7
What is the hundreds digit of 18932111?
1
What is the tens digit of 473026?
2
What is the hundred thousands digit of 177041?
1
What is the tens digit of 243961?
6
What is the ten thousands digit of 28823129?
2
What is the thousands digit of 2871432?
1
What is the units digit of 87228?
8
What is the ten millions digit of 13075454?
1
What is the units digit of 4094931?
1
What is the tens digit of 389398?
9
What is the ten thousands digit of 1135359?
3
What is the millions digit of 5931136?
5
What is the millions digit of 6689316?
6
What is the hundreds digit of 408177?
1
What is the tens digit of 57024?
2
What is the hundred thousands digit of 545911?
5
What is the hundred thousands digit of 172781?
1
What is the units digit of 1786120?
0
What is the hundred thousands digit of 210599?
2
What is the hundreds digit of 4335308?
3
What is the hundred thousands digit of 590213?
5
What is the tens digit of 422063?
6
What is the hundred thousands digit of 316581?
3
What is the hundred thousands digit of 4172267?
1
What is the tens digit of 32814?
1
What is the hundred thousands digit of 1302529?
3
What is the units digit of 1753334?
4
What is the millions digit of 3991893?
3
What is the ten thousands digit of 222282?
2
What is the hundreds digit of 3199864?
8
What is the ten thousands digit of 594993?
9
What is the hundred thousands digit of 12731147?
7
What is the ten thousands digit of 653170?
5
What is the thousands digit of 2993803?
3
What is the thousands digit of 158656?
8
What is the hundreds digit of 389413?
4
What is the hundred thousands digit of 1367927?
3
What is the tens digit of 467941?
4
What is the ten millions digit of 10681122?
1
What is the hundred thousands digit of 1723992?
7
What is the hundreds digit of 8040385?
3
What is the hundreds digit of 26210352?
3
What is the millions digit of 2753272?
2
What is the thousands digit of 62856?
2
What is the units digit of 5714073?
3
What is the tens digit of 5931280?
8
What is the hundreds digit of 1035296?
2
What is the ten thousands digit of 736303?
3
What is the tens digit of 2521311?
1
What is the ten thousands digit of 24901?
2
What is the ten thousands digit of 527690?
2
What is the ten thousands digit of 86584?
8
What is the units digit of 363536?
6
What is the ten thousands digit of 1120894?
2
What is the thousands digit of 12666734?
6
What is the ten thousands digit of 52757?
5
What is the hundreds digit of 24978765?
7
What is the hundred thousands digit of 374450?
3
What is the hundred thousands digit of 2845807?
8
What is the tens digit of 298052?
5
What is the hundred thousands digit of 35346599?
3
What is the tens digit of 3120081?
8
What is the hundred thousands digit of 11052340?
0
What is the tens digit of 7418179?
7
What is the ten thousands digit of 185666?
8
What is the units digit of 408742?
2
What is the millions digit of 29752213?
9
What is the thousands digit of 108362?
8
What is the ten thousands digit of 121913?
2
What is the ten thousands digit of 1631402?
3
What is the millions digit of 2069887?
2
What is the millions digit of 2776885?
2
What is the tens digit of 1757802?
0
What is the units digit of 15925752?
2
What is the hundreds digit of 578051?
0
What is the hundreds digit of 603472?
4
What is the hundred thousands digit of 5444853?
4
What is the millions digit of 7738548?
7
What is the hundreds digit of 546269?
2
What is the units digit of 11653376?
6
What is the hundreds digit of 314627?
6
What is the tens digit of 5164935?
3
What is the hundred thousands digit of 29292976?
2
What is the hundreds digit of 279028?
0
What is the units digit of 11268969?
9
What is the millions digit of 1851917?
1
What is the millions digit of 1085158?
1
What is the thousands digit of 756125?
6
What is the hundred thousands digit of 3837770?
8
What is the tens digit of 48780?
8
What is the